{"id":22590,"date":"2024-05-06T18:04:01","date_gmt":"2024-05-06T21:04:01","guid":{"rendered":"https:\/\/lets.events\/l\/?page_id=22590"},"modified":"2024-06-12T10:51:35","modified_gmt":"2024-06-12T13:51:35","slug":"politica-de-privacidade-termos-de-uso-e-servicos","status":"publish","type":"page","link":"https:\/\/lets.events\/l\/politica-de-privacidade-termos-de-uso-e-servicos\/","title":{"rendered":"Pol\u00edtica de Privacidade, Termos de Uso e Servi\u00e7os"},"content":{"rendered":"\t\t<div data-elementor-type=\"wp-page\" data-elementor-id=\"22590\" class=\"elementor elementor-22590\" data-elementor-post-type=\"page\">\n\t\t\t\t<div class=\"elementor-element elementor-element-2ae30ed e-flex e-con-boxed e-con e-parent\" data-id=\"2ae30ed\" data-element_type=\"container\" data-settings=\"{&quot;background_background&quot;:&quot;classic&quot;}\">\n\t\t\t\t\t<div class=\"e-con-inner\">\n\t\t<div class=\"elementor-element elementor-element-db0731f e-flex e-con-boxed e-con e-child\" data-id=\"db0731f\" data-element_type=\"container\">\n\t\t\t\t\t<div class=\"e-con-inner\">\n\t\t<div class=\"elementor-element elementor-element-a9b5a7f e-flex e-con-boxed e-con e-child\" data-id=\"a9b5a7f\" data-element_type=\"container\">\n\t\t\t\t\t<div class=\"e-con-inner\">\n\t\t\t\t<div class=\"elementor-element elementor-element-18c8076 elementor-widget elementor-widget-heading\" data-id=\"18c8076\" data-element_type=\"widget\" data-widget_type=\"heading.default\">\n\t\t\t\t<div class=\"elementor-widget-container\">\n\t\t\t<h1 class=\"elementor-heading-title elementor-size-default\">Pol\u00edtica de Privacidade\nTermos de Uso e Servi\u00e7os <\/h1>\t\t<\/div>\n\t\t\t\t<\/div>\n\t\t\t\t<div class=\"elementor-element elementor-element-228aa7e elementor-widget elementor-widget-heading\" data-id=\"228aa7e\" data-element_type=\"widget\" data-widget_type=\"heading.default\">\n\t\t\t\t<div class=\"elementor-widget-container\">\n\t\t\t<span class=\"elementor-heading-title elementor-size-default\">A sua privacidade \u00e9 importante para n\u00f3s!<\/span>\t\t<\/div>\n\t\t\t\t<\/div>\n\t\t\t\t\t<\/div>\n\t\t\t\t<\/div>\n\t\t<div class=\"elementor-element elementor-element-48024f9 e-flex e-con-boxed e-con e-child\" data-id=\"48024f9\" data-element_type=\"container\">\n\t\t\t\t\t<div class=\"e-con-inner\">\n\t\t\t\t<div class=\"elementor-element elementor-element-8a233df elementor-widget elementor-widget-image\" data-id=\"8a233df\" data-element_type=\"widget\" data-widget_type=\"image.default\">\n\t\t\t\t<div class=\"elementor-widget-container\">\n\t\t\t\t\t\t\t\t\t\t\t\t\t<img fetchpriority=\"high\" decoding=\"async\" width=\"452\" height=\"302\" src=\"https:\/\/lets.events\/l\/wp-content\/uploads\/2024\/05\/Imagem-e-ilustracao.png\" class=\"attachment-large size-large wp-image-22592\" alt=\"ilustra\u00e7\u00e3o de um usu\u00e1rio visualizando uma tela com cadeado simbolizando a seguran\u00e7a do acesso\" srcset=\"https:\/\/lets.events\/l\/wp-content\/uploads\/2024\/05\/Imagem-e-ilustracao.png 452w, https:\/\/lets.events\/l\/wp-content\/uploads\/2024\/05\/Imagem-e-ilustracao-300x200.png 300w\" sizes=\"(max-width: 452px) 100vw, 452px\" \/>\t\t\t\t\t\t\t\t\t\t\t\t\t<\/div>\n\t\t\t\t<\/div>\n\t\t\t\t\t<\/div>\n\t\t\t\t<\/div>\n\t\t\t\t\t<\/div>\n\t\t\t\t<\/div>\n\t\t\t\t\t<\/div>\n\t\t\t\t<\/div>\n\t\t<div class=\"elementor-element elementor-element-dc0803e e-flex e-con-boxed e-con e-parent\" data-id=\"dc0803e\" data-element_type=\"container\">\n\t\t\t\t\t<div class=\"e-con-inner\">\n\t\t<div class=\"elementor-element elementor-element-6f21dd4 e-flex e-con-boxed e-con e-child\" data-id=\"6f21dd4\" data-element_type=\"container\">\n\t\t\t\t\t<div class=\"e-con-inner\">\n\t\t\t\t<div class=\"elementor-element elementor-element-0f80fd9 elementor-view-default elementor-position-top elementor-mobile-position-top elementor-widget elementor-widget-icon-box\" data-id=\"0f80fd9\" data-element_type=\"widget\" data-widget_type=\"icon-box.default\">\n\t\t\t\t<div class=\"elementor-widget-container\">\n\t\t\t\t\t<div class=\"elementor-icon-box-wrapper\">\n\n\t\t\t\t\t\t<div class=\"elementor-icon-box-icon\">\n\t\t\t\t<a href=\"https:\/\/lets.events\/l\/politica-de-privacidade\/\" class=\"elementor-icon elementor-animation-\" tabindex=\"-1\">\n\t\t\t\t<svg xmlns=\"http:\/\/www.w3.org\/2000\/svg\" width=\"25\" height=\"24\" viewBox=\"0 0 25 24\" fill=\"none\"><path d=\"M12.4158 0C12.6399 0 12.864 0.046875 13.0687 0.135938L22.2423 3.88125C23.3141 4.31719 24.1131 5.33438 24.1082 6.5625C24.0839 11.2125 22.0962 19.7203 13.702 23.5875C12.8884 23.9625 11.9433 23.9625 11.1297 23.5875C2.73548 19.7203 0.74777 11.2125 0.723411 6.5625C0.718539 5.33438 1.51752 4.31719 2.58933 3.88125L11.7679 0.135938C11.9676 0.046875 12.1917 0 12.4158 0ZM12.4158 3.13125V20.85C19.139 17.7188 20.9464 10.7859 20.9903 6.62813L12.4158 3.13125Z\" fill=\"#004ED2\"><\/path><\/svg>\t\t\t\t<\/a>\n\t\t\t<\/div>\n\t\t\t\n\t\t\t\t\t\t<div class=\"elementor-icon-box-content\">\n\n\t\t\t\t\t\t\t\t\t<h3 class=\"elementor-icon-box-title\">\n\t\t\t\t\t\t<a href=\"https:\/\/lets.events\/l\/politica-de-privacidade\/\" >\n\t\t\t\t\t\t\tPol\u00edticas de privacidade\t\t\t\t\t\t<\/a>\n\t\t\t\t\t<\/h3>\n\t\t\t\t\n\t\t\t\t\t\t\t\t\t<p class=\"elementor-icon-box-description\">\n\t\t\t\t\t\tOrganizadores de eventos, compradores de ingressos e demais participantes de eventos\t\t\t\t\t<\/p>\n\t\t\t\t\n\t\t\t<\/div>\n\t\t\t\n\t\t<\/div>\n\t\t\t\t<\/div>\n\t\t\t\t<\/div>\n\t\t\t\t\t<\/div>\n\t\t\t\t<\/div>\n\t\t<div class=\"elementor-element elementor-element-ec37a0e e-flex e-con-boxed e-con e-child\" data-id=\"ec37a0e\" data-element_type=\"container\">\n\t\t\t\t\t<div class=\"e-con-inner\">\n\t\t\t\t<div class=\"elementor-element elementor-element-47a612c elementor-view-default elementor-position-top elementor-mobile-position-top elementor-widget elementor-widget-icon-box\" data-id=\"47a612c\" data-element_type=\"widget\" data-widget_type=\"icon-box.default\">\n\t\t\t\t<div class=\"elementor-widget-container\">\n\t\t\t\t\t<div class=\"elementor-icon-box-wrapper\">\n\n\t\t\t\t\t\t<div class=\"elementor-icon-box-icon\">\n\t\t\t\t<a href=\"https:\/\/lets.events\/l\/termos-e-condicoes-consumidor-2\/\" class=\"elementor-icon elementor-animation-\" tabindex=\"-1\">\n\t\t\t\t<svg xmlns=\"http:\/\/www.w3.org\/2000\/svg\" width=\"25\" height=\"24\" viewBox=\"0 0 25 24\" fill=\"none\"><path d=\"M12.4158 0C12.6399 0 12.864 0.046875 13.0687 0.135938L22.2423 3.88125C23.3141 4.31719 24.1131 5.33438 24.1082 6.5625C24.0839 11.2125 22.0962 19.7203 13.702 23.5875C12.8884 23.9625 11.9433 23.9625 11.1297 23.5875C2.73548 19.7203 0.74777 11.2125 0.723411 6.5625C0.718539 5.33438 1.51752 4.31719 2.58933 3.88125L11.7679 0.135938C11.9676 0.046875 12.1917 0 12.4158 0ZM12.4158 3.13125V20.85C19.139 17.7188 20.9464 10.7859 20.9903 6.62813L12.4158 3.13125Z\" fill=\"#004ED2\"><\/path><\/svg>\t\t\t\t<\/a>\n\t\t\t<\/div>\n\t\t\t\n\t\t\t\t\t\t<div class=\"elementor-icon-box-content\">\n\n\t\t\t\t\t\t\t\t\t<h3 class=\"elementor-icon-box-title\">\n\t\t\t\t\t\t<a href=\"https:\/\/lets.events\/l\/termos-e-condicoes-consumidor-2\/\" >\n\t\t\t\t\t\t\tTermos de Uso e Servi\u00e7os\t\t\t\t\t\t<\/a>\n\t\t\t\t\t<\/h3>\n\t\t\t\t\n\t\t\t\t\t\t\t\t\t<p class=\"elementor-icon-box-description\">\n\t\t\t\t\t\tOrganizadores de eventos<\/br> <\/br> \t\t\t\t\t<\/p>\n\t\t\t\t\n\t\t\t<\/div>\n\t\t\t\n\t\t<\/div>\n\t\t\t\t<\/div>\n\t\t\t\t<\/div>\n\t\t\t\t\t<\/div>\n\t\t\t\t<\/div>\n\t\t<div class=\"elementor-element elementor-element-b6a0665 e-flex e-con-boxed e-con e-child\" data-id=\"b6a0665\" data-element_type=\"container\">\n\t\t\t\t\t<div class=\"e-con-inner\">\n\t\t\t\t<div class=\"elementor-element elementor-element-4da51f3 elementor-view-default elementor-position-top elementor-mobile-position-top elementor-widget elementor-widget-icon-box\" data-id=\"4da51f3\" data-element_type=\"widget\" data-widget_type=\"icon-box.default\">\n\t\t\t\t<div class=\"elementor-widget-container\">\n\t\t\t\t\t<div class=\"elementor-icon-box-wrapper\">\n\n\t\t\t\t\t\t<div class=\"elementor-icon-box-icon\">\n\t\t\t\t<a href=\"https:\/\/lets.events\/l\/termos-e-condicoes-consumidor\/\" class=\"elementor-icon elementor-animation-\" tabindex=\"-1\">\n\t\t\t\t<svg xmlns=\"http:\/\/www.w3.org\/2000\/svg\" width=\"25\" height=\"24\" viewBox=\"0 0 25 24\" fill=\"none\"><path d=\"M12.4158 0C12.6399 0 12.864 0.046875 13.0687 0.135938L22.2423 3.88125C23.3141 4.31719 24.1131 5.33438 24.1082 6.5625C24.0839 11.2125 22.0962 19.7203 13.702 23.5875C12.8884 23.9625 11.9433 23.9625 11.1297 23.5875C2.73548 19.7203 0.74777 11.2125 0.723411 6.5625C0.718539 5.33438 1.51752 4.31719 2.58933 3.88125L11.7679 0.135938C11.9676 0.046875 12.1917 0 12.4158 0ZM12.4158 3.13125V20.85C19.139 17.7188 20.9464 10.7859 20.9903 6.62813L12.4158 3.13125Z\" fill=\"#004ED2\"><\/path><\/svg>\t\t\t\t<\/a>\n\t\t\t<\/div>\n\t\t\t\n\t\t\t\t\t\t<div class=\"elementor-icon-box-content\">\n\n\t\t\t\t\t\t\t\t\t<h3 class=\"elementor-icon-box-title\">\n\t\t\t\t\t\t<a href=\"https:\/\/lets.events\/l\/termos-e-condicoes-consumidor\/\" >\n\t\t\t\t\t\t\tTermos de Uso e Servi\u00e7os\t\t\t\t\t\t<\/a>\n\t\t\t\t\t<\/h3>\n\t\t\t\t\n\t\t\t\t\t\t\t\t\t<p class=\"elementor-icon-box-description\">\n\t\t\t\t\t\tCompradores de ingressos e demais participantes de eventos\t\t\t\t\t<\/p>\n\t\t\t\t\n\t\t\t<\/div>\n\t\t\t\n\t\t<\/div>\n\t\t\t\t<\/div>\n\t\t\t\t<\/div>\n\t\t\t\t\t<\/div>\n\t\t\t\t<\/div>\n\t\t\t\t\t<\/div>\n\t\t\t\t<\/div>\n\t\t<div class=\"elementor-element elementor-element-bda3f4f e-flex e-con-boxed e-con e-parent\" data-id=\"bda3f4f\" data-element_type=\"container\">\n\t\t\t\t\t<div class=\"e-con-inner\">\n\t\t<div class=\"elementor-element elementor-element-7ba09a4 e-flex e-con-boxed e-con e-child\" data-id=\"7ba09a4\" data-element_type=\"container\" data-settings=\"{&quot;background_background&quot;:&quot;classic&quot;}\">\n\t\t\t\t\t<div class=\"e-con-inner\">\n\t\t\t\t<div class=\"elementor-element elementor-element-5d6962b elementor-position-left elementor-vertical-align-middle elementor-view-default elementor-mobile-position-top elementor-widget elementor-widget-icon-box\" data-id=\"5d6962b\" data-element_type=\"widget\" data-widget_type=\"icon-box.default\">\n\t\t\t\t<div class=\"elementor-widget-container\">\n\t\t\t\t\t<div class=\"elementor-icon-box-wrapper\">\n\n\t\t\t\t\t\t<div class=\"elementor-icon-box-icon\">\n\t\t\t\t<span  class=\"elementor-icon elementor-animation-\">\n\t\t\t\t<svg xmlns=\"http:\/\/www.w3.org\/2000\/svg\" width=\"40\" height=\"40\" viewBox=\"0 0 40 40\" fill=\"none\"><path d=\"M28.6875 32.2266C26.2422 33.9766 23.2422 35 20 35C16.7578 35 13.7578 33.9766 11.3125 32.2266L15.8438 27.6953C17.0781 28.3672 18.5 28.75 20.0078 28.75C21.5156 28.75 22.9297 28.3672 24.1719 27.6953L28.7031 32.2266H28.6875ZM35.7734 32.2891C38.4141 28.8984 39.9922 24.6328 39.9922 20C39.9922 15.3672 38.4141 11.1016 35.7734 7.71094C36.4766 6.73438 36.3906 5.35938 35.5078 4.48438C34.625 3.60938 33.2656 3.51562 32.2891 4.21875C28.8984 1.57812 24.6328 0 20 0C15.3672 0 11.1016 1.57812 7.71094 4.21875C6.73438 3.51562 5.35938 3.60156 4.48438 4.48438C3.60938 5.36719 3.51562 6.73438 4.21875 7.71094C1.57812 11.1016 0 15.3672 0 20C0 24.6328 1.57812 28.8984 4.21875 32.2891C3.51562 33.2656 3.60156 34.6406 4.48438 35.5156C5.36719 36.3906 6.73438 36.4844 7.71094 35.7812C11.1016 38.4219 15.3672 40 20 40C24.6328 40 28.8984 38.4219 32.2891 35.7812C33.2656 36.4844 34.6406 36.3984 35.5156 35.5156C36.3906 34.6328 36.4844 33.2656 35.7812 32.2891H35.7734ZM32.2188 28.6875L27.6875 24.1562C28.3594 22.9219 28.7422 21.5 28.7422 19.9922C28.7422 18.4844 28.3594 17.0703 27.6875 15.8281L32.2188 11.2969C33.9766 13.7578 35 16.7578 35 20C35 23.2422 33.9766 26.2422 32.2266 28.6875H32.2188ZM28.6875 7.77344L24.1562 12.3047C22.9219 11.6328 21.5 11.25 19.9922 11.25C18.4844 11.25 17.0703 11.6328 15.8281 12.3047L11.2969 7.77344C13.7578 6.02344 16.7578 5 20 5C23.2422 5 26.2422 6.02344 28.6875 7.77344ZM12.3047 24.1641L7.77344 28.6953C6.02344 26.2422 5 23.2422 5 20C5 16.7578 6.02344 13.7578 7.77344 11.3125L12.3047 15.8438C11.6328 17.0781 11.25 18.5 11.25 20.0078C11.25 21.5156 11.6328 22.9297 12.3047 24.1719V24.1641ZM16.25 20C16.25 19.0054 16.6451 18.0516 17.3483 17.3483C18.0516 16.6451 19.0054 16.25 20 16.25C20.9946 16.25 21.9484 16.6451 22.6517 17.3483C23.3549 18.0516 23.75 19.0054 23.75 20C23.75 20.9946 23.3549 21.9484 22.6517 22.6517C21.9484 23.3549 20.9946 23.75 20 23.75C19.0054 23.75 18.0516 23.3549 17.3483 22.6517C16.6451 21.9484 16.25 20.9946 16.25 20Z\" fill=\"white\"><\/path><\/svg>\t\t\t\t<\/span>\n\t\t\t<\/div>\n\t\t\t\n\t\t\t\t\t\t<div class=\"elementor-icon-box-content\">\n\n\t\t\t\t\t\t\t\t\t<h3 class=\"elementor-icon-box-title\">\n\t\t\t\t\t\t<span  >\n\t\t\t\t\t\t\tTem alguma d\u00favida? Confira nossa \u00e1rea de Ajuda!\t\t\t\t\t\t<\/span>\n\t\t\t\t\t<\/h3>\n\t\t\t\t\n\t\t\t\t\t\t\t\t\t<p class=\"elementor-icon-box-description\">\n\t\t\t\t\t\tL\u00e1 voc\u00ea encontrar\u00e1 respostas para perguntas frequentes.\t\t\t\t\t<\/p>\n\t\t\t\t\n\t\t\t<\/div>\n\t\t\t\n\t\t<\/div>\n\t\t\t\t<\/div>\n\t\t\t\t<\/div>\n\t\t\t\t<div class=\"elementor-element elementor-element-86d308f elementor-widget elementor-widget-button\" data-id=\"86d308f\" data-element_type=\"widget\" data-widget_type=\"button.default\">\n\t\t\t\t<div class=\"elementor-widget-container\">\n\t\t\t\t\t<div class=\"elementor-button-wrapper\">\n\t\t\t<a class=\"elementor-button elementor-button-link elementor-size-sm\" href=\"https:\/\/support.lets.events\/\" target=\"_blank\">\n\t\t\t\t\t\t<span class=\"elementor-button-content-wrapper\">\n\t\t\t\t\t\t\t\t\t<span class=\"elementor-button-text\">Central de ajuda<\/span>\n\t\t\t\t\t<\/span>\n\t\t\t\t\t<\/a>\n\t\t<\/div>\n\t\t\t\t<\/div>\n\t\t\t\t<\/div>\n\t\t\t\t\t<\/div>\n\t\t\t\t<\/div>\n\t\t\t\t\t<\/div>\n\t\t\t\t<\/div>\n\t\t\t\t<\/div>\n\t\t","protected":false},"excerpt":{"rendered":"<p>Pol\u00edtica de Privacidade Termos de Uso e Servi\u00e7os A sua privacidade \u00e9 importante para n\u00f3s! Pol\u00edticas de privacidade Organizadores de eventos, compradores de ingressos e demais participantes de eventos Termos de Uso e Servi\u00e7os Organizadores de eventos Termos de Uso e Servi\u00e7os Compradores de ingressos e demais participantes de eventos Tem alguma d\u00favida? Confira nossa [&hellip;]<\/p>\n","protected":false},"author":13,"featured_media":0,"parent":0,"menu_order":0,"comment_status":"closed","ping_status":"closed","template":"","meta":{"footnotes":""},"folder":[63],"yoast_head":"<!-- This site is optimized with the Yoast SEO plugin v22.6 - https:\/\/yoast.com\/wordpress\/plugins\/seo\/ -->\n<title>Pol\u00edtica de Privacidade, Termos de Uso e Servi\u00e7os - Lets.events<\/title>\n<meta name=\"robots\" content=\"index, follow, max-snippet:-1, max-image-preview:large, max-video-preview:-1\" \/>\n<link rel=\"canonical\" href=\"https:\/\/lets.events\/l\/politica-de-privacidade-termos-de-uso-e-servicos\/\" \/>\n<meta property=\"og:locale\" content=\"pt_BR\" \/>\n<meta property=\"og:type\" content=\"article\" \/>\n<meta property=\"og:title\" content=\"Pol\u00edtica de Privacidade, Termos de Uso e Servi\u00e7os - Lets.events\" \/>\n<meta property=\"og:description\" content=\"Pol\u00edtica de Privacidade Termos de Uso e Servi\u00e7os A sua privacidade \u00e9 importante para n\u00f3s! Pol\u00edticas de privacidade Organizadores de eventos, compradores de ingressos e demais participantes de eventos Termos de Uso e Servi\u00e7os Organizadores de eventos Termos de Uso e Servi\u00e7os Compradores de ingressos e demais participantes de eventos Tem alguma d\u00favida? Confira nossa [&hellip;]\" \/>\n<meta property=\"og:url\" content=\"https:\/\/lets.events\/l\/politica-de-privacidade-termos-de-uso-e-servicos\/\" \/>\n<meta property=\"og:site_name\" content=\"Lets.events\" \/>\n<meta property=\"article:publisher\" content=\"https:\/\/www.facebook.com\/letsevents0\" \/>\n<meta property=\"article:modified_time\" content=\"2024-06-12T13:51:35+00:00\" \/>\n<meta property=\"og:image\" content=\"https:\/\/lets.events\/l\/wp-content\/uploads\/2024\/05\/Imagem-e-ilustracao.png\" \/>\n<meta name=\"twitter:card\" content=\"summary_large_image\" \/>\n<meta name=\"twitter:site\" content=\"@letsevents0\" \/>\n<meta name=\"twitter:label1\" content=\"Est. tempo de leitura\" \/>\n\t<meta name=\"twitter:data1\" content=\"1 minuto\" \/>\n<script type=\"application\/ld+json\" class=\"yoast-schema-graph\">{\"@context\":\"https:\/\/schema.org\",\"@graph\":[{\"@type\":\"WebPage\",\"@id\":\"https:\/\/lets.events\/l\/politica-de-privacidade-termos-de-uso-e-servicos\/\",\"url\":\"https:\/\/lets.events\/l\/politica-de-privacidade-termos-de-uso-e-servicos\/\",\"name\":\"Pol\u00edtica de Privacidade, Termos de Uso e Servi\u00e7os - Lets.events\",\"isPartOf\":{\"@id\":\"https:\/\/lets.events\/l\/#website\"},\"primaryImageOfPage\":{\"@id\":\"https:\/\/lets.events\/l\/politica-de-privacidade-termos-de-uso-e-servicos\/#primaryimage\"},\"image\":{\"@id\":\"https:\/\/lets.events\/l\/politica-de-privacidade-termos-de-uso-e-servicos\/#primaryimage\"},\"thumbnailUrl\":\"https:\/\/lets.events\/l\/wp-content\/uploads\/2024\/05\/Imagem-e-ilustracao.png\",\"datePublished\":\"2024-05-06T21:04:01+00:00\",\"dateModified\":\"2024-06-12T13:51:35+00:00\",\"breadcrumb\":{\"@id\":\"https:\/\/lets.events\/l\/politica-de-privacidade-termos-de-uso-e-servicos\/#breadcrumb\"},\"inLanguage\":\"pt-BR\",\"potentialAction\":[{\"@type\":\"ReadAction\",\"target\":[\"https:\/\/lets.events\/l\/politica-de-privacidade-termos-de-uso-e-servicos\/\"]}]},{\"@type\":\"ImageObject\",\"inLanguage\":\"pt-BR\",\"@id\":\"https:\/\/lets.events\/l\/politica-de-privacidade-termos-de-uso-e-servicos\/#primaryimage\",\"url\":\"https:\/\/lets.events\/l\/wp-content\/uploads\/2024\/05\/Imagem-e-ilustracao.png\",\"contentUrl\":\"https:\/\/lets.events\/l\/wp-content\/uploads\/2024\/05\/Imagem-e-ilustracao.png\",\"width\":452,\"height\":302,\"caption\":\"ilustra\u00e7\u00e3o de um usu\u00e1rio visualizando uma tela com cadeado simbolizando a seguran\u00e7a do acesso\"},{\"@type\":\"BreadcrumbList\",\"@id\":\"https:\/\/lets.events\/l\/politica-de-privacidade-termos-de-uso-e-servicos\/#breadcrumb\",\"itemListElement\":[{\"@type\":\"ListItem\",\"position\":1,\"name\":\"In\u00edcio\",\"item\":\"https:\/\/lets.events\/l\/\"},{\"@type\":\"ListItem\",\"position\":2,\"name\":\"Pol\u00edtica de Privacidade, Termos de Uso e Servi\u00e7os\"}]},{\"@type\":\"WebSite\",\"@id\":\"https:\/\/lets.events\/l\/#website\",\"url\":\"https:\/\/lets.events\/l\/\",\"name\":\"Lets.events\",\"description\":\"A plataforma mais eficiente pra venda de ingressos online e listas de convidados pro seu evento. Sem filas, com check-in em 1 clique! Let&#039;s go!\",\"publisher\":{\"@id\":\"https:\/\/lets.events\/l\/#organization\"},\"potentialAction\":[{\"@type\":\"SearchAction\",\"target\":{\"@type\":\"EntryPoint\",\"urlTemplate\":\"https:\/\/lets.events\/l\/?s={search_term_string}\"},\"query-input\":\"required name=search_term_string\"}],\"inLanguage\":\"pt-BR\"},{\"@type\":\"Organization\",\"@id\":\"https:\/\/lets.events\/l\/#organization\",\"name\":\"Lets.events\",\"url\":\"https:\/\/lets.events\/l\/\",\"logo\":{\"@type\":\"ImageObject\",\"inLanguage\":\"pt-BR\",\"@id\":\"https:\/\/lets.events\/l\/#\/schema\/logo\/image\/\",\"url\":\"https:\/\/lets.events\/l\/wp-content\/uploads\/2022\/11\/lets-logo.da449af2-4.png\",\"contentUrl\":\"https:\/\/lets.events\/l\/wp-content\/uploads\/2022\/11\/lets-logo.da449af2-4.png\",\"width\":\"147\",\"height\":\"42\",\"caption\":\"Lets.events\"},\"image\":{\"@id\":\"https:\/\/lets.events\/l\/#\/schema\/logo\/image\/\"},\"sameAs\":[\"https:\/\/www.facebook.com\/letsevents0\",\"https:\/\/x.com\/letsevents0\",\"https:\/\/www.instagram.com\/lets.events\/\",\"https:\/\/www.linkedin.com\/company\/22344358\/admin\/\"]}]}<\/script>\n<!-- \/ Yoast SEO plugin. -->","yoast_head_json":{"title":"Pol\u00edtica de Privacidade, Termos de Uso e Servi\u00e7os - Lets.events","robots":{"index":"index","follow":"follow","max-snippet":"max-snippet:-1","max-image-preview":"max-image-preview:large","max-video-preview":"max-video-preview:-1"},"canonical":"https:\/\/lets.events\/l\/politica-de-privacidade-termos-de-uso-e-servicos\/","og_locale":"pt_BR","og_type":"article","og_title":"Pol\u00edtica de Privacidade, Termos de Uso e Servi\u00e7os - Lets.events","og_description":"Pol\u00edtica de Privacidade Termos de Uso e Servi\u00e7os A sua privacidade \u00e9 importante para n\u00f3s! Pol\u00edticas de privacidade Organizadores de eventos, compradores de ingressos e demais participantes de eventos Termos de Uso e Servi\u00e7os Organizadores de eventos Termos de Uso e Servi\u00e7os Compradores de ingressos e demais participantes de eventos Tem alguma d\u00favida? Confira nossa [&hellip;]","og_url":"https:\/\/lets.events\/l\/politica-de-privacidade-termos-de-uso-e-servicos\/","og_site_name":"Lets.events","article_publisher":"https:\/\/www.facebook.com\/letsevents0","article_modified_time":"2024-06-12T13:51:35+00:00","og_image":[{"url":"https:\/\/lets.events\/l\/wp-content\/uploads\/2024\/05\/Imagem-e-ilustracao.png"}],"twitter_card":"summary_large_image","twitter_site":"@letsevents0","twitter_misc":{"Est. tempo de leitura":"1 minuto"},"schema":{"@context":"https:\/\/schema.org","@graph":[{"@type":"WebPage","@id":"https:\/\/lets.events\/l\/politica-de-privacidade-termos-de-uso-e-servicos\/","url":"https:\/\/lets.events\/l\/politica-de-privacidade-termos-de-uso-e-servicos\/","name":"Pol\u00edtica de Privacidade, Termos de Uso e Servi\u00e7os - Lets.events","isPartOf":{"@id":"https:\/\/lets.events\/l\/#website"},"primaryImageOfPage":{"@id":"https:\/\/lets.events\/l\/politica-de-privacidade-termos-de-uso-e-servicos\/#primaryimage"},"image":{"@id":"https:\/\/lets.events\/l\/politica-de-privacidade-termos-de-uso-e-servicos\/#primaryimage"},"thumbnailUrl":"https:\/\/lets.events\/l\/wp-content\/uploads\/2024\/05\/Imagem-e-ilustracao.png","datePublished":"2024-05-06T21:04:01+00:00","dateModified":"2024-06-12T13:51:35+00:00","breadcrumb":{"@id":"https:\/\/lets.events\/l\/politica-de-privacidade-termos-de-uso-e-servicos\/#breadcrumb"},"inLanguage":"pt-BR","potentialAction":[{"@type":"ReadAction","target":["https:\/\/lets.events\/l\/politica-de-privacidade-termos-de-uso-e-servicos\/"]}]},{"@type":"ImageObject","inLanguage":"pt-BR","@id":"https:\/\/lets.events\/l\/politica-de-privacidade-termos-de-uso-e-servicos\/#primaryimage","url":"https:\/\/lets.events\/l\/wp-content\/uploads\/2024\/05\/Imagem-e-ilustracao.png","contentUrl":"https:\/\/lets.events\/l\/wp-content\/uploads\/2024\/05\/Imagem-e-ilustracao.png","width":452,"height":302,"caption":"ilustra\u00e7\u00e3o de um usu\u00e1rio visualizando uma tela com cadeado simbolizando a seguran\u00e7a do acesso"},{"@type":"BreadcrumbList","@id":"https:\/\/lets.events\/l\/politica-de-privacidade-termos-de-uso-e-servicos\/#breadcrumb","itemListElement":[{"@type":"ListItem","position":1,"name":"In\u00edcio","item":"https:\/\/lets.events\/l\/"},{"@type":"ListItem","position":2,"name":"Pol\u00edtica de Privacidade, Termos de Uso e Servi\u00e7os"}]},{"@type":"WebSite","@id":"https:\/\/lets.events\/l\/#website","url":"https:\/\/lets.events\/l\/","name":"Lets.events","description":"A plataforma mais eficiente pra venda de ingressos online e listas de convidados pro seu evento. Sem filas, com check-in em 1 clique! Let&#039;s go!","publisher":{"@id":"https:\/\/lets.events\/l\/#organization"},"potentialAction":[{"@type":"SearchAction","target":{"@type":"EntryPoint","urlTemplate":"https:\/\/lets.events\/l\/?s={search_term_string}"},"query-input":"required name=search_term_string"}],"inLanguage":"pt-BR"},{"@type":"Organization","@id":"https:\/\/lets.events\/l\/#organization","name":"Lets.events","url":"https:\/\/lets.events\/l\/","logo":{"@type":"ImageObject","inLanguage":"pt-BR","@id":"https:\/\/lets.events\/l\/#\/schema\/logo\/image\/","url":"https:\/\/lets.events\/l\/wp-content\/uploads\/2022\/11\/lets-logo.da449af2-4.png","contentUrl":"https:\/\/lets.events\/l\/wp-content\/uploads\/2022\/11\/lets-logo.da449af2-4.png","width":"147","height":"42","caption":"Lets.events"},"image":{"@id":"https:\/\/lets.events\/l\/#\/schema\/logo\/image\/"},"sameAs":["https:\/\/www.facebook.com\/letsevents0","https:\/\/x.com\/letsevents0","https:\/\/www.instagram.com\/lets.events\/","https:\/\/www.linkedin.com\/company\/22344358\/admin\/"]}]}},"_links":{"self":[{"href":"https:\/\/lets.events\/l\/wp-json\/wp\/v2\/pages\/22590"}],"collection":[{"href":"https:\/\/lets.events\/l\/wp-json\/wp\/v2\/pages"}],"about":[{"href":"https:\/\/lets.events\/l\/wp-json\/wp\/v2\/types\/page"}],"author":[{"embeddable":true,"href":"https:\/\/lets.events\/l\/wp-json\/wp\/v2\/users\/13"}],"replies":[{"embeddable":true,"href":"https:\/\/lets.events\/l\/wp-json\/wp\/v2\/comments?post=22590"}],"version-history":[{"count":16,"href":"https:\/\/lets.events\/l\/wp-json\/wp\/v2\/pages\/22590\/revisions"}],"predecessor-version":[{"id":23003,"href":"https:\/\/lets.events\/l\/wp-json\/wp\/v2\/pages\/22590\/revisions\/23003"}],"wp:attachment":[{"href":"https:\/\/lets.events\/l\/wp-json\/wp\/v2\/media?parent=22590"}],"wp:term":[{"taxonomy":"folder","embeddable":true,"href":"https:\/\/lets.events\/l\/wp-json\/wp\/v2\/folder?post=22590"}],"curies":[{"name":"wp","href":"https:\/\/api.w.org\/{rel}","templated":true}]}}